is divided by g.
18
Suppose 0 = 4*u - 119 + 11. Calculate the remainder when 78 is divided by u.
24
Let i = 55 + -29. Calculate the remainder when i is divided by 7.
5
Suppose 4*b + 2*g = -g + 44, -2*g + 62 = 5*b. Calculate the remainder when (-1 + 3 + -1)*39 is divided by b.
11
What is the remainder when (-2)/(-3) + 2748/36 is divided by 42?
35
Let r(k) = -15*k. Let q be r(-1). Let m be q - (3 + 4/(-2)). Calculate the remainder when 19 is divided by m/(2 - 2 - -2).
5
Let v(f) = -14*f - 28. What is the remainder when 164 is divided by v(-5)?
38
Let o = 7 + 25. Let m = -9 + 4. Let x = 16 + m. What is the remainder when o is divided by x?
10
Let i = 48 + 5. What is the remainder when i is divided by 18?
17
Let o = -6 + 2. Let c be (4 + o)/(-1*1). Suppose c*t - 56 = -4*t. Calculate the remainder when t is divided by 8.
6
Suppose -3*b + 6 = -0. Let k(r) = -3 + 0 + 7*r - 9*r. What is the remainder when k(-3) is divided by b?
1
Let q = 8 - -4. Let y(p) = -p**3 - 3*p**2 + 3*p - 1. Let n be y(-4). Calculate the remainder when 55 is divided by (38/n)/(8/q).
17
Suppose 3*z = -4*w + 92, -w + 31 - 8 = -z. Let p(l) = 89*l**2 + l + 2. Calculate the remainder when p(-1) is divided by w.
21
Let k(w) = -2*w + 3*w - 2*w - 6. Let n be k(-10). Suppose -n*c + 5 = 2*o - 11, 5*c - o = 6. Calculate the remainder when c is divided by 1.
0
Calculate the remainder when 41 is divided by (-2*15/(-40))/(3/36).
5
Let t = -7 + 7. Suppose t = p + 2 - 6. Calculate the remainder when 5 is divided by p.
1
Suppose 0*z + 14 = z. What is the remainder when (-41)/(-4)*(-4)/(-1) is divided by z?
13
Calculate the remainder when 9 is divided by 3/(-9) + (-7)/(-3).
1
Let u be 2/(-8) - 243/(-12). Suppose -4*n - n = -u. Suppose 2*g + 0*g - 2 = 3*v, -g - n*v + 23 = 0. Calculate the remainder when 20 is divided by g.
6
Let u(k) be the third derivative of k**6/120 + k**4/24 - k**2. Let v = -3 + 4. Calculate the remainder when 3 is divided by u(v).
1
Let b = -12 + 27. What is the remainder when b is divided by 10?
5
Let u = 192 + -79. Calculate the remainder when u is divided by 38.
37
Let g = -3 - -4. Let l(a) = a**3 - 3*a**2 - 4*a + 1. Let s be l(4). Suppose -s = -3*i + 2. Calculate the remainder when g is divided by i.
0
Let c = 19 + -13. Calculate the remainder when (3/(-2))/(3/(-18)) is divided by c.
3
Suppose 0 = -v - 2 - 0. Let q(a) = -a**3 - a**2 - a. What is the remainder when 21 is divided by q(v)?
3
Let c = 6 + -4. Suppose g - c*g = 3*t - 1, g = 4*t + 15. Calculate the remainder when 11 is divided by g.
4
Suppose 3*g = 5*j + 4*g - 8, -4*j = -5*g - 18. Suppose -4*q + 29 = 5*x, 3*x + 15 = 6*x. Suppose 0 = 5*u + q - 11. What is the remainder when u is divided by j?
0
What is the remainder when 5/(10/6)*22 is divided by 17?
15
Let g be (-4)/10*(-4 + 9). Let m be g - (0 + -3) - -2. Suppose 0 = -m*q - 3*s + 5*s + 49, 73 = 4*q + 5*s. Calculate the remainder when 49 is divided by q.
15
Let i(c) = 15*c**2 + c + 2. What is the remainder when i(-1) is divided by 6?
4
Suppose -4*h + 9*h = 70. Calculate the remainder when 53 is divided by h.
11
Let b(n) = -n**3 - 2*n**2 + 3*n - 3. Calculate the remainder when (-3 - 0)*49/(-3) is divided by b(-4).
15
Let c = -4 + 8. Suppose 5*q - 124 = c*t, 38 - 88 = -2*q + 2*t. Suppose -o = 2*o - a - q, -2*o + 3*a + 16 = 0. Calculate the remainder when o is divided by 3.
2
Let o be 1/2 - 21/(-6). Let m = 133 + -91. Calculate the remainder when m is divided by -1 + o - (-9 + 1).
9
Let s = -7 + 20. Calculate the remainder when 38 is divided by s.
12
Let a be ((-188)/(-2 - -1))/1. What is the remainder when (a/1)/(-4)*-1 is divided by 16?
15
Let y(q) = -q + 11. Let r be y(0). Suppose -z = 4*m - 47, 0 = -m + 3*z + 17 + r. Calculate the remainder when 24 is divided by m.
11
Let m = 8 - 6. Let u = -1 + 3. What is the remainder when u is divided by m?
0
Let n = -14 + 39. Suppose 16 = 3*m + j, 0*m - m + 3*j = -2. Suppose 3*s = 3*g - g + 54, -2*s + n = -m*g. Calculate the remainder when s is divided by 11.
9
Calculate the remainder when 1 - (-21 - (-8)/(-4)) is divided by 9.
6
Let q be 0 - -2 - 12/3. Let k(m) = 6*m**2 - 8*m**3 - 4*m**2 + 0*m**2 + 5 + 4*m - 2. Calculate the remainder when k(q) is divided by 23.
21
Let n(r) be the third derivative of -r**4/24 + 7*r**3/3 - 3*r**2. What is the remainder when 105 is divided by n(-13)?
24
Calculate the remainder when 2/1 - (-3)/1 is divided by 1.
0
Calculate the remainder when 4*2/(-4) + 53 is divided by 13.
12
Suppose -4*i = -3 + 135. Let k = -14 - i. Let x = 15 + -5. Calculate the remainder when k is divided by x.
9
Let p be 6/(1 - 0/3). Suppose -2*o = 3*z + z, -2*z - p = 0. Calculate the remainder when o is divided by 4.
2
Let z = 7 + 3. Let g = 1 + z. Calculate the remainder when g is divided by 4.
3
Let n(o) = 6*o**2 + 6*o + 2. What is the remainder when n(-4) is divided by 25?
24
Let w(d) = -d**3 - d**2 - d + 4. Let k be w(0). Calculate the remainder when (k/3)/((-3)/(-9)) is divided by 3.
1
Suppose 3*x + 12 = -5*o - 6, 4*o = -2*x - 14. Let s(z) = z**2 + 2*z + 2. What is the remainder when 14 is divided by s(o)?
4
Suppose -5*z - 2 = -82. Calculate the remainder when 46 is divided by z.
14
Let x = 23 - 10. Calculate the remainder when x is divided by 8.
5
Suppose 5*g + 125 = 5*b, 4*b - g + 27 - 118 = 0. Calculate the remainder when 85 is divided by b.
19
Let c(l) = l**2 + 9*l + 5. Let g be c(-5). Calculate the remainder when 14/4 - 2/(-4) is divided by (6/g)/((-1)/5).
0
Let x(f) = 13*f - 4. Suppose 5*q = 4 + 11. Suppose -q*r - 19 = -n, -15 = -n + r - 2*r. Calculate the remainder when x(5) is divided by n.
13
Let s = -1 + 2. What is the remainder when (-11)/(-5) - 3/15 is divided by s?
0
Let o = 349 + -238. Suppose 124 = 5*i - 3*p - p, -5*p = -4*i + 92. Calculate the remainder when o is divided by i.
27
Let f(p) = p**2 - 5*p - 8. Let y be f(7). Let d = 13 - y. Calculate the remainder when d is divided by (-56)/(-24) + 2/3.
1
Let a = 2 - 0. Suppose -55 = -3*m - a*m. Calculate the remainder when 32 is divided by m.
10
Suppose -d = -3*s + 425, -4*d - 572 = -0*s - 4*s. Calculate the remainder when s is divided by 18.
15
Let f(v) = v**2 - 2*v - 11. Calculate the remainder when f(-5) is divided by 14.
10
Suppose 0 = -5*i + 2 + 8. Suppose -4*p - 4*z + 15 + 5 = 0, -i*p = 4*z - 10. Let j = -80 - -94. What is the remainder when j is divided by p?
4
Let q = 2 + 10. Suppose -32 = -c - q. What is the remainder when 59 is divided by c?
19
Let i = -12 - 8. Calculate the remainder when 4/10 - 1352/i is divided by 35.
33
Let m = -3 + 8. Suppose -5*a + r + 73 = 0, -4*a + m*r = r - 68. What is the remainder when a is divided by 4?
2
Let v(s) = -s**2 - 5*s + 1. Let g be v(-4). Suppose 3*k - 2*u = g*k - 14, -u = 4*k - 31. Suppose -4*l + k = -12. Calculate the remainder when l is divided by 3.
2
Let g(v) = -v**2 - 5*v + 5. Let s be g(-5). Let p(c) = 2*c**2 - 6*c - 6. Let b = 6 + 2. Calculate the remainder when p(s) is divided by b.
6
Suppose -o + 5 + 19 = w, -3*o = -5*w - 96. What is the remainder when (-3)/(-4) + (-834)/(-8) is divided by o?
24
Suppose -n + 7 = -52. What is the remainder when n is divided by 12?
11
Let f be 5/(4 - (-3 + 6)). Suppose -3*j = -2*g - 24, -f*g + 65 = -4*j + 9*j. Calculate the remainder when 18 is divided by j.
8
Let f be -1 + 53 + 1 - -2. Suppose -c = -2*v + 17, 9*v - 4*v - f = 5*c. Calculate the remainder when 11 is divided by v.
5
Let h(y) = -3*y - 9. Calculate the remainder when 119 is divided by h(-11).
23
Let d be 11*(-7)/2*2. Let x = -41 - d. Calculate the remainder when x is divided by 13.
10
Let k = 4 - -6. Calculate the remainder when 28 is divided by k.
8
Let j(k) = k - 6. Let o be j(8). Calculate the remainder when 15 is divided by (-1 - o) + 2 - -10.
6
Suppose 4*l = 5 + 51. What is the remainder when 67 is divided by l?
11
Let l = -96 - -121. What is the remainder when 174 is divided by l?
24
Suppose -4*j = 5*z - 52, -6 = -j + 2*z + 7. Let q be 12/(-30)*(-214 - 1). Let l = -49 + q. What is the remainder when l is divided by j?
11
What is the remainder when ((-63)/(-15))/7 - (-486)/15 is divided by 9?
6
What is the remainder when (-3 - 4)*(-18)/7 is divided by 7?
4
Suppose -4*q + 16 = -3*q. Let y = q - 12. Calculate the remainder when y is divided by 2.
0
Suppose 0*n + 27 = 3*n + 4*b, b = n - 16. W